+ 13 = 3*o, 2*o = 2*k - t + 11. What are the prime factors of o?
3
Let y(q) = -q**3 + 6*q**2 + 13*q - 6. What are the prime factors of y(7)?
2, 3
Let o(n) = -n**2 + 3*n - 1. Let w be o(2). Let i be -53*(0 - w)*1. Suppose g + 5*d = 6, 0*d = -5*g - 2*d + i. What are the prime factors of g?
11
Let x(s) = -21*s + 4. List the prime factors of x(-3).
67
Let l be (9 - (-6 + 4))/(-1). Let m = l + 24. List the prime factors of m.
13
Suppose -3*i + i = 4*a - 18, -11 = -i - 3*a. Suppose -3*g + 92 = 5*u, 5*g = -i*u + 38 + 52. List the prime factors of u.
19
Let y be 1/3 - 40/(-6). Let i = y + 2. List the prime factors of i.
3
Let d = 64 + -31. List the prime factors of d.
3, 11
Suppose -4*b = -b - 6. Suppose -b*q = -4*h + 50, 2*h = -h + q + 36. What are the prime factors of h - (0 + 9/(-3))?
2, 7
What are the prime factors of (-3)/7 - 384/(-14)?
3
Let y(a) be the first derivative of -a**4/4 + 5*a**3/3 - a**2/2 - 2*a + 1. Let w be (-1 - 4)*(-9)/15. List the prime factors of y(w).
13
What are the prime factors of 0 + (-7)/(14/(-80))?
2, 5
List the prime factors of 4/(25/(-80)*(-1)/5).
2
Suppose 3*n + 3*k = n - 7, 5*n - 4*k = 17. Let j be 2 + n + 1 + 8. Suppose -h = 4 - j. List the prime factors of h.
2
Suppose -i + 8 - 21 = -5*r, 3*r - 35 = 4*i. Let z(v) = -v**2 - 8*v + 2. Let j be z(i). Suppose j*c + c = 6. What are the prime factors of c?
2
Let c be -2 + (2 - 2) + 2. Suppose -2*l = -4*q - 28, -l - 5*q = -2*l + 29. Suppose c*y - l*y = -16. List the prime factors of y.
2
Let s = 219 - 22. List the prime factors of s.
197
Suppose -61 = -2*i + g, i = 3*g + 11 + 17. List the prime factors of i.
31
Let i = 0 - 1. Let x = i - 0. What are the prime factors of (-42)/(-4) + x/(-2)?
11
Let y(j) = -j**3 + 8*j**2 + 9*j + 13. List the prime factors of y(9).
13
Let z(x) = -x**2 - 8*x + 10. Let u be z(-10). Let a = u - -22. What are the prime factors of a?
2, 3
Let o(t) = -t**2 - t - 1. Let s(v) = -3*v**3 - 2*v**2 - 6. Let n(f) = -2*o(f) + s(f). Let k be n(-3). Suppose 0 = -5*d + k - 16. List the prime factors of d.
11
Let y(q) = 3*q**2 - q - 1. Let f(g) be the second derivative of g**3/6 - 7*g**2/2 + g. Let o be f(5). List the prime factors of y(o).
13
Let f = 0 + 7. Let l(g) be the third derivative of -g**5/60 + g**4/3 + g**3 - 2*g**2. List the prime factors of l(f).
13
Suppose 0 = 2*g + 2*w - 2, g + 7*w = 3*w - 2. Let c be 10 + -5 - (-1 - -1). Suppose 0 = g*j - j - c. What are the prime factors of j?
5
Suppose 2*i = -2*q + 26, -2*q + 3*i + 51 = q. What are the prime factors of q?
3, 5
Suppose 4*h = 83 + 149. List the prime factors of h.
2, 29
Let c be 7/(14/(-24)) - -1. Let m = c + 19. Let h(r) = r**2 - 7*r - 4. What are the prime factors of h(m)?
2
Let f(p) = -p**2 - 18*p + 20. Let c be f(-10). Let g(r) = r - 1. Let s be g(1). Suppose 5*x = c - s. List the prime factors of x.
2, 5
Suppose 92 = -4*z - 16. Let u = -16 - z. What are the prime factors of u?
11
Let g(h) be the third derivative of -h**6/120 + h**5/12 - h**4/12 + h**3 + 3*h**2. What are the prime factors of g(4)?
2, 7
Suppose -4*b + 2*q - 6*q + 16 = 0, -28 = -5*b + 3*q. List the prime factors of b.
5
Let u(m) = m**3 + 6*m**2 + 4*m + 6. Let h be u(-5). Let s = h + -6. Let d = s - 1. What are the prime factors of d?
2
Let v = -12 - -19. List the prime factors of v.
7
Let c(l) = -l + 27. What are the prime factors of c(-13)?
2, 5
Suppose -36 = -6*s + 2*s. Suppose 0 = g - 5*r - 16 - 6, -3*g = 4*r - s. Let y(f) = f + 1. What are the prime factors of y(g)?
2
What are the prime factors of (5/3)/(1/18)?
2, 3, 5
Let f(p) = -4*p + 6. Let n be f(4). Let d = -5 - n. Suppose d = -3*x + 41. What are the prime factors of x?
2, 3
Let l be 1/(-5) + 84/20. Suppose 6 = 2*f - l. What are the prime factors of f?
5
Suppose 0 = o - 6*b + 4*b - 156, -b = 5*o - 835. List the prime factors of o.
2, 83
Let i(f) = -f**3 + 6*f**2 + 2*f. List the prime factors of i(5).
5, 7
Suppose 4*w = -2*t + 80, -4 - 4 = -2*w. Let p = t - 18. What are the prime factors of p?
2, 7
Let a be 163 - 2/((-8)/4). Suppose 0 = t - 5*t + a. List the prime factors of t.
41
Let r(p) = -93*p + 105*p + 2 - 3. What are the prime factors of r(2)?
23
Suppose 0*m + 2*m = -5*t + 30, 3*t = 6. Let q be 48/(-20)*m/(-3). Suppose -q = -2*z - 2. List the prime factors of z.
3
Let q(w) = w**3 + 5*w**2 + 4. Let f be q(-5). What are the prime factors of f/(5 - 3)*2?
2
Suppose 0 = -5*w + 222 + 78. Suppose -6*d = -3*d - w. What are the prime factors of d?
2, 5
Let o(x) = 2*x**2 + 2*x + 1. Let p = -11 + 6. List the prime factors of o(p).
41
Let d be 1 - (-1 + 22 + 0). Suppose 170 = -6*s + s. List the prime factors of s/d*-2*-5.
17
Let g = 26 + 8. Suppose g = -o + 2*o. What are the prime factors of o?
2, 17
Let w be 32/(-20)*(-5)/2. Suppose 3*l - w*o - 30 = 0, -4*o = l + 3*l - 40. List the prime factors of l.
2, 5
Suppose 4*o - 15 = 3*n, -3 - 33 = -4*o - 4*n. Let s(v) = 0 + 2 - 3*v + 4*v. What are the prime factors of s(o)?
2
Suppose 2*w + 0*t - 18 = -2*t, 5 = -3*w + 5*t. Suppose w*o = 231 - 31. List the prime factors of o.
2, 5
Let p be (1 + (-6)/4)*6. Let x(w) = 2*w**2 + 3*w - 5. Let f be x(-4). What are the prime factors of (4/(-10))/(p/f)?
2
Let q be (-4)/14 + (-12)/7. Let l be 18/5 + q/(-5). Suppose -4*r + 8 = -l. What are the prime factors of r?
3
Let a(p) = -p**2 - 6*p + 3. Suppose d - 5 = 2*d - 4*f, 2*d = -3*f - 10. List the prime factors of a(d).
2
Suppose j + 3*j - 20 = -2*d, -4*d + 4 = -j. Suppose -3*y - d*l + 50 = 0, -5*l - 20 = -y - 4*l. What are the prime factors of y?
2, 3
Let p be (-101)/(-3) - (-4)/(-6). Suppose -145 = -5*x - 5*l, x + 2*l - p = -0*l. What are the prime factors of x?
5
Let h(n) = -n**3 + 7. Let r be h(0). Suppose g - 5*c - r = 0, 9*c - 4*c + 13 = -g. Let b(d) = -d + 3. What are the prime factors of b(g)?
2, 3
Let v = -14 + 14. Suppose v = 5*p - 155 + 5. List the prime factors of p.
2, 3, 5
Let v = 2 - -1. Let z(y) = -v*y + 0 + 1 - 5*y + y. What are the prime factors of z(-1)?
2
Suppose 24*f - 4*z + 10 = 23*f, -5*z = 5*f - 50. What are the prime factors of f?
2, 3
Let b(j) be the first derivative of j**4/4 - 5*j**3 + j**2/2 + 11*j + 7. List the prime factors of b(15).
2, 13
Let s(b) = 12*b - 36. List the prime factors of s(9).
2, 3
Let q be -1 + 1 - (1 + -1). Suppose 0 = -q*u + 5*u - 70. What are the prime factors of u?
2, 7
Let g(p) = 2*p**2 + 4*p + 28. What are the prime factors of g(-5)?
2, 29
Let b(n) = -n**2 + 3*n + 7. Let f be b(6). Suppose -2*g = 4*g + 114. Let p = f - g. List the prime factors of p.
2
Let u be 16/10 + (-4)/(-10). Let z = 4 + 0. Suppose -z*i - 5*r = -45, 3*i - 4*r - 6 = u*i. What are the prime factors of i?
2, 5
Suppose 0 = 3*v - 6*v + 9. Suppose -5*f = -b - 15, 2*f = -v*f - 3*b - 5. Suppose f*s = -s + 24. List the prime factors of s.
2
Suppose -198*j + 193*j = -535. What are the prime factors of j?
107
List the prime factors of (2/(-8))/(8/(-1696)).
53
Let q = -11 + 27. Suppose -4*a + q = -16. List the prime factors of a.
2
Suppose 4*k = 3*s - 74, 5*k - k + 110 = 5*s. Suppose -4*h = s - 82. List the prime factors of h.
2
Let o = -134 + 294. Suppose -o = -3*d - 7. List the prime factors of d.
3, 17
Let c be 3*((-20)/(-3))/2. Let o = c + 42. What are the prime factors of o?
2, 13
Let u be ((-102)/3)/((-2)/2). Suppose 4*q = 2*q + u. What are the prime factors of q?
17
Suppose 6*o = 3*o + 4*j + 70, -112 = -5*o + 2*j. List the prime factors of o.
2, 11
Let t(v) be the third derivative of v**5/60 + v**4/6 - 4*v**3/3 + 6*v**2. List the prime factors of t(-6).
2
Suppose 0 = 7*m - 4*m - 600. List the prime factors of m.
2, 5
Let z(p) = 3 - p + 0*p - 4*p - 4*p. List the prime factors of z(-4).
3, 13
Let d be 31/(-3) - (-2)/6. Let b be -3 - (-5)/(d/(-32)). Suppose -b = -3*h - r, 2*h + 3*r - 2 - 2 = 0. What are the prime factors of h?
5
List the prime factors of 6/4*(-590)/(-15).
59
Suppose 31 = -8*r + 7*r. Let l(k) = -k**2 - 5*k + 3. Let a be l(5). Let h = r - a. What are the prime factors of h?
2
Let s be 0*(9/6 - 2). Let t be 2 + 2 + -4 + s. Suppose -k + 7 + 2 = t. List the prime factors of k.
3
Suppose 5*f - 3*z - 345 = 0, 2*f - 3*z - 138 = -2*z. What are the prime factors of f?
3, 23
Suppose 26 = 2*n + 2*v + 2*v, 3*n - v = 39. Let t = 29 - n. List the prime factors of t.
2
Suppose -4*d + d + 16 = -5*x, -4*x = 20. Let i = -27 + 